438641921 composite?
True
Is 13962752047 prime?
True
Is 499961291 a composite number?
False
Is 204663202 a composite number?
True
Is 3054957007 a prime number?
True
Is 3416170361 a composite number?
False
Is 11091759139 prime?
True
Is 60822895141 composite?
False
Is 29609578943 composite?
True
Is 3190482781 prime?
False
Is 70746511553 composite?
False
Is 1626217459 a prime number?
True
Is 28962679709 prime?
True
Is 133231363451 prime?
False
Is 35089361 composite?
False
Is 6050558321 a composite number?
False
Is 6650136509 prime?
True
Is 18860994809 a prime number?
True
Is 534922001 a prime number?
True
Is 1384827581 a composite number?
True
Is 2737025443 prime?
False
Is 467088103 a composite number?
True
Is 11177453689 a composite number?
True
Is 2871660601 composite?
True
Is 661473067 composite?
False
Is 7142719147 prime?
True
Is 6963704171 a composite number?
False
Is 2578013111 prime?
True
Is 3101798839 a composite number?
True
Is 514074823 a prime number?
True
Is 4704911945 a composite number?
True
Is 723303079 prime?
True
Is 39564813037 a composite number?
True
Is 1805366903 prime?
False
Is 1348742069 composite?
False
Is 12810717427 prime?
False
Is 59816868563 a prime number?
True
Is 4355119099 a prime number?
True
Is 5427626717 a prime number?
True
Is 3003021173 prime?
False
Is 7072926239 composite?
True
Is 2192908891 a composite number?
True
Is 262914199 a prime number?
True
Is 23434096069 a composite number?
False
Is 1948280307 composite?
True
Is 42519673 composite?
True
Is 4436905201 a composite number?
False
Is 81528550681 prime?
False
Is 222066419 composite?
True
Is 2133713789 a prime number?
True
Is 36646286829 a composite number?
True
Is 3033467821 a prime number?
True
Is 426215774 prime?
False
Is 12678333869 a prime number?
True
Is 603184243 prime?
False
Is 1065591349 a prime number?
False
Is 37752649 a composite number?
True
Is 1760686799 composite?
True
Is 5348477099 composite?
True
Is 151477429 prime?
False
Is 7562864773 a composite number?
True
Is 124086556299 prime?
False
Is 525897889 a prime number?
False
Is 5186868413 prime?
True
Is 1164041587 a composite number?
True
Is 1150088773 prime?
False
Is 17479312171 a composite number?
True
Is 305075869 prime?
False
Is 532199567365 a prime number?
False
Is 2012214161 composite?
False
Is 563034427 a prime number?
False
Is 36534914917 a composite number?
True
Is 69607847 a composite number?
False
Is 14025830053 a prime number?
True
Is 98180959 composite?
False
Is 8963848769 a composite number?
False
Is 11846333377 composite?
False
Is 60413422 a composite number?
True
Is 1842443333 composite?
False
Is 1301928619 a prime number?
True
Is 1949749667 a composite number?
False
Is 9664199137 prime?
True
Is 24451934093 a composite number?
False
Is 309137573 composite?
False
Is 22459279 prime?
False
Is 41167299347 prime?
False
Is 12085011893 a composite number?
False
Is 140076406279 a composite number?
False
Is 150133567 prime?
False
Is 25483796659 a composite number?
True
Is 3109004819 composite?
True
Is 7816628278 a prime number?
False
Is 245283023123 a prime number?
True
Is 7708048541 prime?
False
Is 93079319 a composite number?
False
Is 49431074537 a prime number?
False
Is 14212300763 composite?
False
Is 42772598651 prime?
True
Is 8250581681 prime?
True
Is 4597459571 a composite number?
False
Is 1338783821 prime?
True
Is 1742015657 prime?
True
Is 61400328659 prime?
True
Is 99979357 a prime number?
True
Is 2388035631 a composite number?
True
Is 7525567921 a prime number?
True
Is 3864483763 a composite number?
True
Is 16871339981 composite?
True
Is 11053176307 a prime number?
False
Is 12640142231 composite?
True
Is 10523144143 composite?
True
Is 1011984089 prime?
False
Is 12481039 a composite number?
False
Is 183567452305 a prime number?
False
Is 285759856181 a composite number?
False
Is 12891960647 a composite number?
True
Is 3160644803 a prime number?
False
Is 2374228219 a prime number?
False
Is 6963594331 composite?
False
Is 3484340983 a composite number?
True
Is 368140957 a composite number?
False
Is 76723935857 composite?
True
Is 591629803 prime?
True
Is 242679738023 a prime number?
False
Is 1030669807 prime?
False
Is 46422527387 prime?
True
Is 4445098843 composite?
False
Is 2490456193 a prime number?
False
Is 1687812409 a prime number?
False
Is 1678742941 a prime number?
True
Is 110094961 prime?
True
Is 266254329311 composite?
False
Is 5758238099 composite?
False
Is 18301719577 prime?
False
Is 241306729 a composite number?
True
Is 5064946531 composite?
True
Is 254282761 a prime number?
True
Is 2228090243 a composite number?
False
Is 2725109719 a prime number?
False
Is 421221109 prime?
False
Is 14309025931 composite?
True
Is 3680265163 prime?
True
Is 6666333287 a composite number?
True
Is 2435703121 composite?
False
Is 27673043 composite?
True
Is 53121549721 a composite number?
False
Is 2151135557 prime?
False
Is 591154859 prime?
False
Is 5471016197 a composite number?
True
Is 2824980367 a prime number?
False
Is 238188562629 a composite number?
True
Is 2347031051 composite?
False
Is 78207348319 a prime number?
True
Is 46259219789 prime?
True
Is 35054729 a prime number?
True
Is 970712503 a composite number?
False
Is 4897080301 prime?
True
Is 26975044277 a prime number?
True
Is 38250434057 prime?
False
Is 5918601877 a composite number?
True
Is 115472828113 a prime number?
True
Is 1350015253 composite?
False
Is 49563185131 a composite number?
True
Is 17350688345 composite?
True
Is 565008517 composite?
True
Is 47294927 a composite number?
True
Is 2924312809 a prime number?
False
Is 6262344241 a prime number?
False
Is 1293325469 prime?
True
Is 46769155813 a prime number?
False
Is 157485697 prime?
True
Is 496458883 a prime number?
False
Is 2128299259 prime?
False
Is 6908667173 a composite number?
True
Is 53884583671 prime?
True
Is 35351677 a prime number?
False
Is 84203659 a prime number?
True
Is 69902977 composite?
True
Is 7320052349 prime?
True
Is 1297591127 prime?
False
Is 5399205067 prime?
True
Is 20436524921 composite?
False
Is 4384931911 prime?
True
Is 28177847 a composite number?
False
Is 10217945893 a composite number?
True
Is 74653441685 composite?
True
Is 9766076651 composite?
True
Is 182451413 composite?
True
Is 27181733207 prime?
True
Is 24556994719 prime?
False
Is 20513817937 prime?
False
Is 1887920521 a prime number?
True
Is 4049343581 composite?
True
Is 1472135107 composite?
False
Is 3988658699 a prime number?
True
Is 1319148757 prime?
False
Is 8669836207 prime?
False
Is 2598192967 prime?
False
Is 27700942853 a composite number?
False
Is 744976689 a prime number?
False
Is 3526832299 a composite number?
True
Is 288294667 composite?
False
Is 65454200677 composite?
True
Is 97703953483 prime?
False
Is 37042602347 prime?
False
Is 3716201971 prime?
True
Is 3587845733 composite?
True
Is 3583617287 composite?
False
Is 11465093683 a composite number?
True
Is 1783431955 prime?
False
Is 1313699771 a composite number?
False
Is 13353459247 a composite number?
False
Is 199404193 a composite number?
True
Is 3301688827 prime?
True
Is 99314715053 prime?
False
Is 5755962787 prime?
True
Is 1783933279 a composite number?
True
Is 33168062981 a prime number?
False
Is 5482500899 a composite number?
False
Is 85618819153 composite?
True
Is 67042135067 a prime number?
False
Is 1087906081 a composite number?
False
Is 2230116667 composite?
False
Is 376284197 prime?
True
Is 244088477 composite?
False
Is 41574965063 prime?
False
Is 810884687 a prime number?
True
Is 2357797093 a prime number?
False
Is 19359623189 a composite number?
False
Is 1873211533 prime?
True
Is 2044960079 composite?
False
Is 2081852891 prime?
True
Is 1225678151 composite?
False
Is 5768445713 a composite number?
True
Is 5321177391 a prime number?
False
Is 10770200213 a composite number?
True
Is 24462491219 prime?
True
Is 1500856681 a prime number?
True
Is 1069560839 a composite number?
False
Is 269399771 a composite number?
True
Is 48151119701 a composite number?
False
Is 5656512137 a prime number?
True
Is 131702489 a composite number?
False
Is 975190753 a composite number?
False
Is 22639048259 a prime number?
True
Is 71695073 a prime number?
True
Is 32809590371 composite?
True
Is 153989266121 composite?
True
Is 103584415021 a c